ors of 150.
2, 3, 5
List the prime factors of 1583.
1583
What are the prime factors of 2434?
2, 1217
List the prime factors of 5258.
2, 11, 239
What are the prime factors of 24402?
2, 3, 7, 83
What are the prime factors of 1235?
5, 13, 19
What are the prime factors of 59715?
3, 5, 1327
What are the prime factors of 2502?
2, 3, 139
List the prime factors of 289.
17
List the prime factors of 1435.
5, 7, 41
What are the prime factors of 1598?
2, 17, 47
List the prime factors of 1408.
2, 11
What are the prime factors of 8655?
3, 5, 577
List the prime factors of 731.
17, 43
What are the prime factors of 37194?
2, 3, 6199
What are the prime factors of 1047?
3, 349
List the prime factors of 19977.
3, 6659
List the prime factors of 2790.
2, 3, 5, 31
What are the prime factors of 93?
3, 31
What are the prime factors of 535?
5, 107
List the prime factors of 2343.
3, 11, 71
What are the prime factors of 5458?
2, 2729
List the prime factors of 890.
2, 5, 89
List the prime factors of 14911.
13, 31, 37
What are the prime factors of 65993?
65993
What are the prime factors of 3150?
2, 3, 5, 7
What are the prime factors of 28108?
2, 7027
List the prime factors of 18227.
11, 1657
List the prime factors of 6818.
2, 7, 487
What are the prime factors of 19199?
73, 263
What are the prime factors of 3966?
2, 3, 661
List the prime factors of 15206.
2, 7603
What are the prime factors of 157090?
2, 5, 23, 683
What are the prime factors of 8826?
2, 3, 1471
List the prime factors of 746.
2, 373
What are the prime factors of 9479?
9479
What are the prime factors of 354?
2, 3, 59
List the prime factors of 13621.
53, 257
List the prime factors of 13094.
2, 6547
What are the prime factors of 176770?
2, 5, 11, 1607
What are the prime factors of 17165?
5, 3433
What are the prime factors of 10213?
7, 1459
What are the prime factors of 49105?
5, 7, 23, 61
List the prime factors of 2186.
2, 1093
What are the prime factors of 117579?
3, 7, 11, 509
What are the prime factors of 6102?
2, 3, 113
What are the prime factors of 31694?
2, 13, 23, 53
What are the prime factors of 641?
641
List the prime factors of 11354.
2, 7, 811
List the prime factors of 942.
2, 3, 157
List the prime factors of 9250.
2, 5, 37
What are the prime factors of 1394?
2, 17, 41
What are the prime factors of 877?
877
List the prime factors of 963.
3, 107
List the prime factors of 706.
2, 353
List the prime factors of 950.
2, 5, 19
List the prime factors of 13561.
71, 191
List the prime factors of 525.
3, 5, 7
What are the prime factors of 10218?
2, 3, 13, 131
List the prime factors of 2727.
3, 101
List the prime factors of 4437.
3, 17, 29
List the prime factors of 5637.
3, 1879
What are the prime factors of 787?
787
List the prime factors of 29483.
29483
What are the prime factors of 12592?
2, 787
List the prime factors of 5913.
3, 73
What are the prime factors of 61466?
2, 73, 421
List the prime factors of 1301.
1301
List the prime factors of 37646.
2, 7, 2689
List the prime factors of 3079.
3079
What are the prime factors of 9981?
3, 1109
List the prime factors of 3332.
2, 7, 17
List the prime factors of 3839.
11, 349
List the prime factors of 3866.
2, 1933
What are the prime factors of 15129?
3, 41
List the prime factors of 134872.
2, 23, 733
List the prime factors of 3665.
5, 733
What are the prime factors of 14614?
2, 7307
What are the prime factors of 387?
3, 43
What are the prime factors of 1653?
3, 19, 29
List the prime factors of 13785.
3, 5, 919
What are the prime factors of 9380?
2, 5, 7, 67
What are the prime factors of 9054?
2, 3, 503
What are the prime factors of 38964?
2, 3, 17, 191
What are the prime factors of 1389?
3, 463
List the prime factors of 2578.
2, 1289
What are the prime factors of 1179?
3, 131
List the prime factors of 1336.
2, 167
List the prime factors of 20516.
2, 23, 223
List the prime factors of 1046.
2, 523
List the prime factors of 4756.
2, 29, 41
What are the prime factors of 2471?
7, 353
What are the prime factors of 1203?
3, 401
List the prime factors of 715.
5, 11, 13
What are the prime factors of 65759?
19, 3461
List the prime factors of 2388.
2, 3, 199
What are the prime factors of 71571?
3, 23857
List the prime factors of 1713.
3, 571
List the prime factors of 1436.
2, 359
What are the prime factors of 233?
233
What are the prime factors of 11595?
3, 5, 773
What are the prime factors of 355?
5, 71
List the prime factors of 6786.
2, 3, 13, 29
List the prime factors of 2336.
2, 73
What are the prime factors of 34405?
5, 7, 983
What are the prime factors of 634?
2, 317
List the prime factors of 12310.
2, 5, 1231
What are the prime factors of 974?
2, 487
What are the prime factors of 22813?
7, 3259
List the prime factors of 20555.
5, 4111
List the prime factors of 2132.
2, 13, 41
What are the prime factors of 3640?
2, 5, 7, 13
What are the prime factors of 24440?
2, 5, 13, 47
What are the prime factors of 1698?
2, 3, 283
What are the prime factors of 389?
389
What are the prime factors of 6174?
2, 3, 7
List the prime factors of 13137.
3, 29, 151
What are the prime factors of 119697?
3, 17, 2347
List the prime factors of 69616.
2, 19, 229
What are the prime factors of 1786?
2, 19, 47
List the prime factors of 26826.
2, 3, 17, 263
What are the prime factors of 154?
2, 7, 11
What are the prime factors of 3331?
3331
List the prime factors of 2154.
2, 3, 359
What are the prime factors of 944?
2, 59
What are the prime factors of 22451?
11, 13, 157
List the prime factors of 8485.
5, 1697
List the prime factors of 63572.
2, 23, 691
List the prime factors of 11764.
2, 17, 173
What are the prime factors of 568?
2, 71
What are the prime factors of 64628?
2, 107, 151
What are the prime factors of 4596?
2, 3, 383
What are the prime factors of 1608?
2, 3, 67
What are the prime factors of 44932?
2, 47, 239
List the prime factors of 2971.
2971
What are the prime factors of 653?
653
What are the prime factors of 1072?
2, 67
What are the prime factors of 9229?
11, 839
What are the prime factors of 7852?
2, 13, 151
List the prime factors of 11947.
13, 919
What are the prime factors of 26?
2, 13
What are the prime factors of 82241?
82241
List the prime factors of 2233.
7, 11, 29
What are the prime factors of 522?
2, 3, 29
List the prime factors of 1471.
1471
List the prime factors of 756.
2, 3, 7
List the prime factors of 22572.
2, 3, 11, 19
List the prime factors of 4049.
4049
List the prime factors of 16147.
67, 241
List the prime factors of 2468.
2, 617
List the prime factors of 45563.
7, 23, 283
What are the prime factors of 789?
3, 263
What are the prime factors of 380?
2, 5, 19
What are the prime factors of 104332?
2, 26083
List the prime factors of 338.
2, 13
List the prime factors of 1336.
2, 167
What are the prime factors of 169626?
2, 3, 17, 1663
List the prime factors of 5416.
2, 677
What are the prime factors of 6954?
2, 3, 19, 61
What are the prime factors of 139205?
5, 11, 2531
What are the prime factors of 23909?
23909
What are the prime factors of 5572?
2, 7, 199
What are the prime factors of 79697?
79697
What are the prime factors of 16325?
5, 653
List the prime factors of 26452.
2, 17, 389
List the prime factors of 1691.
19, 89
List the prime factors of 4916.
2, 1229
List the prime factors of 58673.
23, 2551
What are the prime factors of 19383?
3, 7, 13, 71
What are the prime factors of 7804?
2, 1951
What are the prime factors of 1671?
3, 557
What are the prime factors of 590?
2, 5, 59
What are the prime factors of 14090?
2, 5, 1409
List the prime factors of 3677.
3677
What are the prime factors of 18520?
2, 5, 463
List the prime factors of 178929.
3, 47
List the prime factors of 908.
2, 227
What are the prime factors of 5341?
7, 109
What are the prime factors of 8892?
2, 3, 13, 19
List the prime factors of 3677.
3677
List the prime factors of 702.
2, 3, 13
What are the prime factors of 1117?
1117
List the prime factors of 3029.
13, 233
List the prime factors of 1608.
2, 3, 67
What are the prime factors of 22320?
2, 3, 5, 31
List the prime factors of 25401.
3, 8467
List the prime factors of 2389.
2389
What are the prime factors of 889?
7, 127
What are the prime factors of 31809?
3, 23, 461
What are the prime factors of 11784?
2, 3, 491
List the prime factors of 15050.
2,